21
Calculate the highest common divisor of 33 and 1374351.
33
Calculate the highest common factor of 94 and 168777.
47
What is the highest common divisor of 30 and 629430?
30
What is the greatest common divisor of 82855 and 146?
73
Calculate the highest common factor of 99 and 54241.
11
Calculate the greatest common divisor of 1488096 and 576.
288
Calculate the greatest common factor of 176 and 16304.
16
What is the greatest common divisor of 18 and 1099962?
18
What is the greatest common divisor of 199206 and 27?
27
Calculate the highest common factor of 924 and 411576.
132
What is the greatest common factor of 44 and 48114?
22
What is the greatest common factor of 435 and 6351?
87
What is the highest common divisor of 1491010 and 20?
10
Calculate the highest common factor of 19295 and 425.
85
Calculate the highest common factor of 116 and 49213.
29
Calculate the greatest common factor of 3247 and 15215.
17
Calculate the highest common divisor of 643930 and 70.
70
What is the highest common factor of 264015 and 45?
45
Calculate the greatest common factor of 783 and 178176.
87
What is the greatest common factor of 30 and 187310?
10
What is the greatest common factor of 4143581 and 13?
13
Calculate the greatest common divisor of 116183 and 1784.
223
What is the highest common factor of 903 and 64887?
129
Calculate the greatest common factor of 15987 and 5037.
219
Calculate the highest common factor of 7175 and 140.
35
What is the highest common factor of 730971 and 9?
9
What is the highest common factor of 14145 and 4025?
115
Calculate the highest common factor of 5676 and 352.
44
Calculate the greatest common divisor of 35392 and 45899.
553
Calculate the highest common divisor of 17164 and 266.
14
Calculate the greatest common divisor of 1023 and 13893.
33
Calculate the greatest common factor of 475 and 3230.
95
Calculate the greatest common divisor of 3038 and 80290.
434
What is the greatest common factor of 140 and 20356?
28
What is the highest common factor of 5208 and 93496?
248
Calculate the highest common factor of 168385 and 1785.
595
Calculate the highest common factor of 412 and 53663.
103
Calculate the highest common factor of 133920 and 1643.
31
What is the highest common divisor of 72 and 43434?
18
What is the greatest common divisor of 957 and 1547295?
87
What is the greatest common divisor of 12 and 7936926?
6
Calculate the highest common factor of 5505 and 17983.
367
What is the highest common factor of 2156 and 48356?
308
Calculate the greatest common factor of 14 and 164969.
7
What is the greatest common factor of 100 and 214?
2
Calculate the greatest common divisor of 3239 and 2337.
41
Calculate the greatest common factor of 26313746 and 38.
38
Calculate the greatest common divisor of 45782 and 110.
22
Calculate the highest common factor of 707 and 15857.
101
Calculate the greatest common divisor of 3 and 146767.
1
What is the highest common factor of 435 and 492?
3
What is the highest common divisor of 13758066 and 1071?
1071
What is the highest common factor of 114 and 214377?
57
What is the greatest common factor of 705 and 5311?
47
Calculate the highest common factor of 163579 and 1326.
13
What is the greatest common divisor of 62620 and 8060?
620
Calculate the greatest common divisor of 2934667 and 201.
67
Calculate the greatest common divisor of 98576 and 183.
61
What is the greatest common factor of 1159925 and 559?
559
Calculate the highest common factor of 110436 and 12.
12
Calculate the highest common factor of 300 and 98835.
15
What is the greatest common factor of 4074 and 2659740?
582
What is the greatest common divisor of 9 and 149108?
1
What is the greatest common factor of 996 and 6?
6
Calculate the highest common factor of 314 and 60602.
314
Calculate the highest common factor of 405313 and 404.
101
Calculate the greatest common divisor of 14 and 1694.
14
Calculate the greatest common divisor of 25 and 3611525.
25
Calculate the highest common factor of 131712 and 544.
32
Calculate the greatest common divisor of 4537 and 4979.
13
What is the greatest common factor of 117603 and 21024?
657
What is the greatest common divisor of 34 and 166889?
17
What is the highest common factor of 59240 and 120?
40
Calculate the highest common factor of 20139 and 105.
21
What is the greatest common factor of 35941 and 3302?
127
What is the greatest common divisor of 1634 and 9994?
38
What is the highest common factor of 18094 and 6474?
166
What is the greatest common factor of 122 and 128222?
122
Calculate the highest common divisor of 334597 and 2191.
313
What is the greatest common factor of 5400 and 11496?
24
Calculate the highest common factor of 138 and 4284.
6
Calculate the greatest common factor of 46367 and 597.
199
Calculate the greatest common factor of 495 and 4167405.
495
What is the highest common factor of 64 and 1733824?
64
What is the greatest common factor of 237371 and 119?
17
Calculate the greatest common factor of 485 and 55193.
97
Calculate the highest common divisor of 76 and 31198.
38
Calculate the highest common divisor of 16794111 and 1263.
1263
What is the highest common divisor of 28028 and 26?
26
Calculate the highest common factor of 301 and 19243.
7
What is the highest common factor of 8 and 174184?
8
What is the greatest common factor of 112413 and 47859?
1113
Calculate the greatest common divisor of 3051 and 934623.
1017
What is the highest common factor of 954 and 75048?
318
Calculate the highest common factor of 2137300 and 220.
220
What is the highest common divisor of 93456 and 1188?
396
Calculate the greatest common factor of 234 and 1369368.
234
Calculate the highest common factor of 5325 and 39450.
75
What is the greatest common divisor of 905606 and 65?
13
What is the highest common factor of 304 and 254144?
304
What is the greatest common factor of 37233 and 567?
189
Calculate the greatest common factor of 159 and 3653131.
53
What is the greatest common factor of 33605 and 159445?
715
What is the greatest common divisor of 2297332 and 92?
92
What is the highest common divisor of 78 and 5642?
26
Calculate the greatest common factor of 29 and 1141933.
29
What is the highest common divisor of 11844 and 150165?
423
What is the highest common divisor of 45 and 490635?
45
What is the greatest common factor of 7 and 47131?
7
Calculate the greatest common factor of 224 and 1235864.
56
Calculate the greatest common divisor of 498 and 1992.
498
What is the greatest common factor of 5328 and 3219?
111
What is the highest common factor of 303050 and 1254?
418
What is the highest common factor of 16 and 25072?
16
What is the highest common divisor of 1591 and 71380?
43
What is the greatest common factor of 559097 and 685?
137
Calculate the highest common factor of 249509 and 221.
221
What is the greatest common factor of 72906 and 31006?
838
Calculate the highest common factor of 34124 and 3268.
76
Calculate the highest common divisor of 1421 and 561904.
203
Calculate the highest common divisor of 49419 and 342.
171
What is the greatest common factor of 1111440 and 2160?
240
What is the greatest common divisor of 39492 and 36?
36
Calculate the highest common divisor of 32488 and 1240.
248
Calculate the highest common divisor of 1774 and 4265583.
887
What is the greatest common divisor of 139649 and 2482?
73
What is the greatest common divisor of 6432 and 448?
32
Calculate the greatest common factor of 4928 and 7168.
448
What is the greatest common factor of 227202 and 12?
6
Calculate the greatest common divisor of 1210560 and 40.
40
Calculate the greatest common divisor of 181 and 1164916.
181
What is the highest common factor of 10 and 4303660?
10
Calculate the greatest common factor of 2154 and 492.
6
Calculate the greatest common factor of 2745 and 405.
45
Calculate the highest common divisor of 21909 and 201.
201
What is the greatest common divisor of 1706 and 160?
2
Calculate the highest common factor of 208 and 130754.
26
Calculate the greatest common factor of 120769 and 22.
11
What is the greatest common divisor of 6741 and 28665?
63
What is the greatest common divisor of 792 and 2530?
22
What is the highest common divisor of 3850 and 6622?
154
What is the greatest common divisor of 315